et p(r) = 4*r**3 + r - 2. Let m(y) = -9*p(y) + 2*x(y). Let a = -45 - -44. Determine m(a).
3
Let o(m) = -12*m**3 + 5*m**3 - 2*m**2 - 12*m**3 + 1 + 0*m**2. What is o(1)?
-20
Let t(q) = -q - 4. Let v be t(-9). Let j(b) = 2 + 2*b + b - v + 1. Let g be 2*(2 + (-21)/6). Determine j(g).
-11
Let q(z) be the third derivative of -z**7/2520 + z**6/144 + z**5/40 - z**4/12 + 4*z**2. Let n(g) be the second derivative of q(g). Give n(4).
7
Let k(y) = -3*y + 0 - 2*y**2 + 3 + 0. Let d(g) = -3*g**2 - 6*g + 5. Let s(r) = -3*d(r) + 5*k(r). Let p be 2/5 - (-13)/5. What is s(p)?
0
Let s(k) be the third derivative of -k**4/24 - k**3/6 - k**2. Let f be -3 - (-3 + (0 - -2)). Let c be (2 - (2 - -10))/f. Give s(c).
-6
Let w(b) = b**3 + 8*b**2 - 7. Let i be (4 - 6 - 5) + -1 + 0. Determine w(i).
-7
Let c = -9 - -8. Let p(y) = -y**2 + 11*y - 1. Let z(s) = s - 1. Let h(b) = c*p(b) + 5*z(b). Give h(6).
-4
Let u(n) = -n - 2. Let j be u(-5). Let f(k) = 3*k - j*k - k**2 - 1. Let z be -1*1*(1 - -1). Determine f(z).
-5
Let l be 14/6 - 4/(-6). Let a(n) = n**3 + 23*n**2 + n + 27. Let f be a(-23). Let x(p) = p + l - p + f - p. Give x(5).
2
Suppose -23 = 4*f - 3*z, 5*z = 4*z + 1. Let b(r) = 2*r - 1. Let n be b(3). Let w(j) = 6 - 2*j + n*j - j. Determine w(f).
-4
Let h(t) = t**3 - 4*t**2 + 6*t - 6. Let r(d) = d**3 - 3*d**2 + 7*d - 5. Let l(n) = 4*h(n) - 3*r(n). What is l(7)?
12
Let i(v) = -v**2 + v - 2. Let c(p) = -p**3 + 5*p**2 + 8*p - 12. Let f be c(6). Give i(f).
-2
Let g(s) = s**3 + 45*s**2 - 1 - 45*s**2. Give g(0).
-1
Let p(d) = -d**3 + 4*d**2 - 2*d - 1. Let u(i) = -i**3 + 8*i**2 + i - 5. Let m be u(8). Determine p(m).
2
Let h(v) = v**3 - 7*v**2 - 2*v + 8. Suppose 26 = 3*u - a + 2*a, 0 = -u - a + 12. Calculate h(u).
-6
Let w(y) = y**3 + 5*y**2 - 4*y - 2. Let c(a) = -a**3 - 5*a**2 + 3*a + 2. Let v(i) = -6*c(i) - 5*w(i). What is v(-2)?
6
Suppose m = 4*f - 22, 3*m + 2*f - 4 = -0*f. Let n(s) = s**2 + 6*s + 3. Give n(m).
-5
Let s(h) = -h**3 - 4*h**2 - h - 3. Suppose -n = 3*n - 12. Suppose -5*u - 5*j + 12 + n = 0, u - 9 = 5*j. Let z = u - 8. Calculate s(z).
1
Let j(k) be the first derivative of 5/3*k**3 + 5/2*k**2 - 1/4*k**4 + 7*k + 4. What is j(6)?
1
Let g(a) = -10*a - 14. Let r(d) = d + 15. Let x(p) = p + 7. Let i(m) = 2*r(m) - 5*x(m). Let k(v) = -4*g(v) + 11*i(v). What is k(-2)?
-13
Let f(k) be the third derivative of k**6/360 - k**5/120 + 7*k**4/24 - 4*k**2. Let d(n) be the second derivative of f(n). What is d(-3)?
-7
Let s be 3 - (3 + -1)*-1. Let z(c) = -c**2 + 5*c + 7. What is z(s)?
7
Let s(a) = -4*a**2 + a - 9. Let d(w) = -w**2 - 3. Let o(f) = 7*d(f) - 2*s(f). Suppose -12 = 6*i - 0. What is o(i)?
5
Let m(z) = -10*z + 11*z - 15*z**2 + z**2. Give m(-1).
-15
Suppose 38 = -8*q - 2. Let x(p) = -1 - 8 + 3 + 4*p + p**2. Give x(q).
-1
Suppose -5*w + 9*w - 1432 = 0. Let t(r) = -r**2 - w*r - 7 + 358*r. Determine t(0).
-7
Let g(p) = -5*p + 0*p - 1 - 3 - 2*p**2. Let q(k) = k**3 + 14*k**2 + 12*k - 16. Let h be q(-13). Give g(h).
-7
Suppose 6 = 2*c + c. Let g(i) = c*i - i + i. Let y be (-8)/(-3) + (-2)/(-6). Calculate g(y).
6
Let p be 7*-3*1/(-3). Let q(x) = -2*x + 6. What is q(p)?
-8
Let m(g) be the second derivative of g**5/20 - 7*g**4/12 + 2*g**3/3 + 7*g**2/2 + g. Let y = -211 - -217. Give m(y).
-5
Suppose 0 = -q + 35. Let u = q - 24. Suppose -4*d = o - 16, -u = 3*o + o + d. Let f(y) = -y**2 - 2*y + 4. Calculate f(o).
-4
Let k be 1 - (3 + -3)*-1. Let n be 2 + 0/(-2)*k. Let s(u) = -2*u**2 + 2*u - 1. Determine s(n).
-5
Let o(k) = k**3 + 6*k**2 + 6*k + 6. Let i(d) = 7*d**2 + 2 + d**3 - 7*d + 0*d + 1. Let v = 68 - 76. Let f be i(v). Determine o(f).
1
Let p(i) = i**3 - 4*i**2 - 4*i - 3. Suppose 0*x + 4 = 2*x. Let u(f) = f**3 - f**2 + f - 1. Let l be u(x). Give p(l).
2
Let j(t) = -4*t + 13. Let i(p) be the third derivative of 11*p**4/24 - 13*p**3/2 - 4*p**2. Let k(x) = 3*i(x) + 8*j(x). Determine k(6).
-7
Let l(p) = 2*p**3 - 4*p**2 + 2*p - 4. Let i(a) = -11*a - 52. Let q be i(-5). Calculate l(q).
20
Suppose 5 = -5*a - 0. Let c(p) = -p**2 - p - 1. Calculate c(a).
-1
Let y be 1 + -2 + 2 + -2. Suppose -5*d - v + 10 = 0, 3*v = -3*d - v + 23. Let a(b) = -2*b**2 - d + 3*b - 3*b. Calculate a(y).
-3
Let x(n) be the first derivative of -n**4/12 - n**3/6 - n**2/2 - 3. Let g(u) be the second derivative of x(u). What is g(-4)?
7
Let l(y) = -2*y**2 - 3*y. Let p = -14 + -2. Let j = p + 13. What is l(j)?
-9
Let x(a) be the second derivative of 2*a**3/3 - a**2/2 + 12*a. Give x(2).
7
Let a(b) be the first derivative of -2*b + 1 + 1/6*b**3 - 3/2*b**2. Let i(t) be the first derivative of a(t). What is i(0)?
-3
Let x(y) = y**2 - 8*y - 3. Let g be x(9). Let v(j) = 2*j - 5. Calculate v(g).
7
Let a be 38/5 + 16/40. Let h = 3 - a. Let z(c) = c**2 + 4*c - 5. What is z(h)?
0
Let d(z) = -5*z**2 - 11*z - 13. Let g(h) = -14*h**2 - 32*h - 38. Let q(r) = -17*d(r) + 6*g(r). Suppose 2*x - 3*f - 7 = 0, -x - 17 = -4*x - 2*f. Determine q(x).
-7
Suppose 0 = -u + 2*u. Suppose -1 + u = k. Let b(t) = 2 + t - 3 + 3*t. Give b(k).
-5
Let j be (-2)/(-6) + 48/(-9). Let f = j - -5. Let m be 4 + 1 + f + 0. Let d(u) = -u**2 + 5*u + 2. Give d(m).
2
Let k(d) = -d**3 + d**2 + 3*d - 4. Let w be k(2). Let q(j) = j**2 + 5*j + 1. What is q(w)?
-5
Let v be 2/8 + (-54)/(-8). Let r(l) = l**3 - 1. Let m = 7 + -8. Let o(n) = -2*n**3 + 7*n**2 - 1. Let t(j) = m*o(j) - r(j). What is t(v)?
2
Suppose 2*j - 6 = -2. Suppose 0 = x + x + u - 4, -2 = -j*x - 2*u. Let s(g) = g**3 - 5*g**2 + 4*g - 3. Give s(x).
-9
Let a(q) = -q**2 - 8*q - 11. Let t(p) = 4*p**2 + 24*p + 34. Let u(y) = -7*a(y) - 2*t(y). Calculate u(9).
0
Let m(n) = 10*n**2 - 5 - 4*n**2 - 2*n + 4. Calculate m(-1).
7
Let y(v) = 5*v**2 + 5*v. Let b(a) = -13*a - 16*a**2 - 2*a + 2*a - 3*a. Let i(f) = 3*b(f) + 10*y(f). Determine i(-2).
4
Let s(c) be the first derivative of -c**2/2 - 6*c - 2. Suppose 0 = 2*l - 3*h - 37, 5*l = -2*h + h + 101. Suppose -z - l = 3*z. Give s(z).
-1
Let w(k) = -2*k**2 - k + 2. Let j(y) = 9*y + 2 - 4 - y**2 - y**2. Let g be j(4). What is w(g)?
-8
Let b(s) = -s**2 + 2*s + 5. Let n = 7 + -3. Give b(n).
-3
Let p(m) = -m**2 + 3*m - 2. Let x = -7 + 29. Suppose -s = 5*v + x, -14 = -s + 3*s + 4*v. Suppose 3*i + 8 = 4*i + s*z, 6 = i + 2*z. Determine p(i).
0
Let s(h) = h**3 + h**2 - h + 2. Let t be s(-2). Let q(w) = w + 4. Give q(t).
4
Let l(z) = -z + 1. Let k = 5 - 4. Let o = k - -1. Suppose 4*v - v = -o*y + 9, y + 2*v = 6. Give l(y).
1
Let h(z) = -z - 1 + 3 + 4 - 3. Suppose 2*d + 16 = 3*t, 5*t = -5*d - 11 - 4. What is h(d)?
8
Let m(j) = -2*j + 3. Let c = -12 + 18. Suppose -2*n = -5*h + 7, -2*n - 4*h - 1 = 3*n. Let s = n + c. Calculate m(s).
-7
Suppose -4*y = 11 + 9. Let r(a) be the third derivative of -1/120*a**6 + 0 - 2*a**2 - 5/6*a**3 - 1/15*a**5 + 1/6*a**4 + 0*a. Give r(y).
0
Let z(j) be the first derivative of 1/12*j**4 + 0*j - 1/2*j**2 - 2 - 1/2*j**3. Let k(h) be the second derivative of z(h). What is k(2)?
1
Suppose -4*w = k - 8, -w - 2*w = -4*k - 25. Let z(s) = -4*s**2 - 9*s - 3. Let p(l) = 3*l**2 + 8*l + 4. Let v(y) = -3*p(y) - 2*z(y). What is v(k)?
2
Let h(l) = -2*l + 6. Let k(p) = p**2 + 4*p + 7. Let v be k(-4). Give h(v).
-8
Suppose 3*s + 6 = 15. Suppose -s*n + 2*n - 3 = 0. Let q(c) = -2 + 0 - 1 + 2*c**2 + 3*c. Determine q(n).
6
Let v(p) = p**2 + 5*p - 6. Let y be v(-6). Let x(j) = -j + 8. Determine x(y).
8
Suppose 0*m - 5 = -m. Let h(k) = -k - 5. Let i be h(-7). Let y(c) = -4*c + i*c - c + 2*c. Give y(m).
-5
Let l(g) be the third derivative of g**6/120 + 7*g**5/60 - g**4/4 + 7*g**3/6 + 35*g**2. Give l(-8).
-9
Suppose -7*v + 20 = -3*v. Let g(d) = -v - 2*d - 2*d + 3*d. What is g(-5)?
0
Let j(y) be the second derivative of y**4/12 + 3*y**3/2 + 3*y**2 - 2*y. What is j(-9)?
6
Let o = -68 - -206/3. Let g(p) be the first derivative of 1 + o*p**3 + 1/4*p**4 + 0*p - 3/2*p**2. Calculate g(-3).
0
Suppose 3*x = j + 6, x = 4*x - 5*j - 18. Let s(t) = 7*t**3 + t**2 + t - 1. Give s(x).
8
Let n(f) be the third derivative of f**5/60 + 7*f**4/24 + f**3 + 5*f**2. Suppose -5*p + 9 = 44. Let c(i) = -i - 11. Let k be c(p). Give n(k).
-6
Let f(p) = -3*p**2 + 2*p - 2. Let a be (-8)/(-6) - (-2)/3. Determine f(a).
-10
Let x be (-1 + 11)*(-7)/14. Let w = x - -9. Let s(q) = -q**3 - 2 - 2*q**2 + 4 - w*q + 8*q. What is s(-3)?
-1
Let h = 3 - 3. Let u(v) = -4*v**2 - 6 + 5*v**2 + 5*v**2 - 5*v**2 - v. Calcul